313
In base 5, what is -1122 + 0?
-1122
In base 8, what is 74 - 3?
71
In base 9, what is -2 + -11348?
-11351
In base 7, what is -31 + 15?
-13
In base 10, what is -6 + 38?
32
In base 15, what is 28 + 5?
2d
In base 14, what is 76 - 2?
74
In base 2, what is 100001 + -10100?
1101
In base 11, what is 5 + -1404?
-13aa
In base 7, what is -1201 - 4?
-1205
In base 5, what is 12402 + -3?
12344
In base 2, what is 1 - 111000100?
-111000011
In base 5, what is -2000 + -123?
-2123
In base 2, what is 101 + -1010010?
-1001101
In base 7, what is -1 + -101?
-102
In base 14, what is -a - 71?
-7b
In base 10, what is -176 - 3?
-179
In base 16, what is 180 + 5?
185
In base 6, what is 224 - -1?
225
In base 14, what is -d + -2b?
-3a
In base 2, what is -111 + 100?
-11
In base 15, what is -230 + 2?
-22d
In base 12, what is 24 + -b?
15
In base 7, what is 0 - -132?
132
In base 3, what is 10021 + -1?
10020
In base 16, what is 49 - -16?
5f
In base 8, what is 5 + -1641?
-1634
In base 3, what is 1 - -102021?
102022
In base 10, what is -2 - -3764?
3762
In base 12, what is 21 + 1?
22
In base 9, what is 3710 - 0?
3710
In base 15, what is -1 - -1?
0
In base 14, what is a + -29?
-1d
In base 8, what is 14 - -154?
170
In base 12, what is -54 + -176?
-20a
In base 8, what is -4140 + -5?
-4145
In base 4, what is -3 - 23?
-32
In base 9, what is 4085 - 0?
4085
In base 10, what is -30 + 78?
48
In base 10, what is -7 - -1?
-6
In base 8, what is -26 + -462?
-510
In base 8, what is -5 + -2?
-7
In base 4, what is -121 - 31?
-212
In base 5, what is 2 - 412?
-410
In base 5, what is 111 - -13?
124
In base 6, what is 3 - -2105?
2112
In base 14, what is -367 + -2?
-369
In base 6, what is -5 + -10103?
-10112
In base 16, what is -3 + 21?
1e
In base 7, what is 61126 + 5?
61134
In base 3, what is 11 + 121220?
122001
In base 12, what is -3 + -36?
-39
In base 11, what is 3 - 260?
-258
In base 16, what is -30 + -1?
-31
In base 14, what is a + -83?
-77
In base 2, what is 111010001 - -100?
111010101
In base 15, what is -98 - -b?
-8c
In base 14, what is 3a - -33?
6d
In base 15, what is -10 + -21?
-31
In base 2, what is -10 + 101000001?
100111111
In base 13, what is -1a + -104?
-121
In base 9, what is -78 + 16?
-62
In base 4, what is -233312 - 1?
-233313
In base 9, what is -1 - -55?
54
In base 10, what is 11 + 637?
648
In base 7, what is -610 - 14?
-624
In base 16, what is 5 - 2a?
-25
In base 16, what is 4 - -7e?
82
In base 2, what is 100111101000101 - -100?
100111101001001
In base 15, what is -13 + -51?
-64
In base 6, what is 5340 + 5?
5345
In base 15, what is -5 + 28?
23
In base 2, what is -1110 - -101?
-1001
In base 7, what is -2420 - 3?
-2423
In base 15, what is -1 + 1155?
1154
In base 5, what is -20200 + -1?
-20201
In base 10, what is -97 - 10?
-107
In base 14, what is 966 - -2?
968
In base 3, what is -1 + 11110?
11102
In base 8, what is -2 - 75?
-77
In base 15, what is 8 - -96?
9e
In base 3, what is -10 + -20210?
-20220
In base 16, what is -5 - 64?
-69
In base 14, what is -12 - c8?
-da
In base 8, what is 16424 + 4?
16430
In base 11, what is -16 - 6?
-21
In base 14, what is 3a18 + 2?
3a1a
In base 15, what is 3 + 170?
173
In base 9, what is -2 - -55?
53
In base 13, what is 5 - a?
-5
In base 16, what is 5 + -2d3?
-2ce
In base 11, what is 2a54 - -5?
2a59
In base 11, what is -39 - -132?
a4
In base 2, what is 100110010001 + -10?
100110001111
In base 16, what is -6 + -1e?
-24
In base 10, what is 3 - 161?
-158
In base 11, what is 458 - -3?
460
In base 2, what is -100 - 100010?
-100110
In base 16, what is -7 - -29?
22
In base 3, what is -21101121 + 0?
-21101121
In base 3, what is 0 + 22010010?
22010010
In base 11, what is 23 + 13?
36
In base 15, what is a + 50?
5a
In base 12, what is -2 - 89a?
-8a0
In base 12, what is -161b + 5?
-1616
In base 15, what is -cb - -b?
-c0
In base 4, what is 113 - -332?
1111
In base 13, what is -5 + c5?
c0
In base 7, what is 2 + -120?
-115
In base 6, what is 222 - 44?
134
In base 2, what is -1100 + -101011?
-110111
In base 8, what is -1 - -20?
17
In base 6, what is 30050 - 0?
30050
In base 14, what is 4 + 5a9?
5ad
In base 6, what is 125 + -10?
115
In base 16, what is 1 - 47f?
-47e
In base 4, what is -13133 - 0?
-13133
In base 6, what is 2 + -21?
-15
In base 16, what is 1c8f - -5?
1c94
In base 3, what is -120200 - 101?
-121001
In base 9, what is -2 + 608?
606
In base 14, what is -2 + 3a?
38
In base 14, what is -3 + -10c?
-111
In base 16, what is 8de - -3?
8e1
In base 13, what is 1 - ca?
-c9
In base 6, what is 1 + 50?
51
In base 16, what is -70 - -d?
-63
In base 5, what is 13 - -202?
220
In base 3, what is -1 + -1000200?
-1000201
In base 16, what is 7 - 1b?
-14
In base 3, what is -121022 - 1?
-121100
In base 16, what is -1 - 19?
-1a
In base 5, what is -14144 + -1?
-14200
In base 8, what is 5 + 2056?
2063
In base 10, what is -4 + -86?
-90
In base 13, what is -4 - 1730?
-1734
In base 15, what is -3210 - -5?
-320a
In base 11, what is -3 + 2397?
2394
In base 12, what is 1050 + 1?
1051
In base 12, what is 4 - -10a?
112
In base 10, what is -618 + -8?
-626
In base 10, what is -8 - 167?
-175
In base 5, what is 112 + 0?
112
In base 12, what is 2 + a8?
aa
In base 2, what is 111010010 - -100?
111010110
In base 16, what is 5 - -180?
185
In base 11, what is -122 - -8?
-115
In base 8, what is -63 + 5?
-56
In base 12, what is -374 - 7?
-37b
In base 11, what is 7 + -597?
-590
In base 3, what is -12211 + 12?
-12122
In base 16, what is -1 - 7?
-8
In base 11, what is 6 - -65?
70
In base 5, what is 0 - -1034?
1034
In base 9, what is 3 - 17?
-14
In base 13, what is -33 - 9?
-3c
In base 9, what is 2472 + -14?
2457
In base 7, what is 1 - 6421?
-6420
In base 12, what is -75 - -3?
-72
In base 16, what is 3 - a4?
-a1
In base 6, what is -2 - 3310?
-3312
In base 15, what is -5 + -701?
-706
In base 9, what is -3 - -28?
25
In base 7, what is -145112 - 5?
-145120
In base 10, what is -13 - 64?
-77
In base 12, what is 2 + -35?
-33
In base 6, what is 4322 + 5?
4331
In base 12, what is 5 + 6?
b
In base 5, what is -11231 + 33?
-11143
In base 5, what is 0 + -110?
-110
In base 10, what is 446 - 3?
443
In base 16, what is -15b + 2?
-159
In base 13, what is -6 - 8c?
-95
In base 11, what is 60 - 1?
5a
In base 8, what is -24262 - -3?
-24257
In base 16, what is -18 - -3?
-15
In base 2, what is -101000111 - -100?
-101000011
In base 5, what is 4 - -1033?
1042
In base 16, what is 42 - -6?
48
In base 7, what is 1134 + 0?
1134
In base 16, what is -4 + -1f1?
-1f5
In base 11, what is -3974 + -4?
-3978
In base 10, what is 1431 + -4?
1427
In base 9, what is 1 + -500?
-488
In base 2, what is 100001 + -1000?
11001
In base 16, what is 4 + 1c8?
1cc
In base 10, what is -4 + 95?
91
In base 8, what is -16 - 20?
-36
In base 7, what is -252 + 5?
-244
In base 11, what is -a7 + 4?
-a3
In base 10, what is 7 + 75?
82
In base 2, what is 1000 + -110001101?
-110000101
In base 15, what is 1 + -81?
-80
In base 14, what is -6 - 1b3?
-1b9
In base 15, what is 657 + 5?
65c
In base 10, what is 35608 + 0?
35608
In base 14, what is -7b + 14?
-67
In base 8, what is -2 - -15235?
15233
In base 8, what is -621 - 2?
-623
In base 6, what is 205451 + -5?
205442
In base 16, what is 7 - -2b?
32
In base 7, what is -252 + 42?
-210
In base 10, what is -741 + 7?
-734
In base 11, what is 54 - -25?
79
In base 13, what is 1631 + -5?
1629
In base 4, what is -3 + -2223?
-2232
In base 3, what is -2 - -10220?
10211
In base 6, what is 1 - 22542?
-22541
In base 8, what is 1 - -166?
167
In base 15, what is -8d - -5?
-88
In base 5, what is 420 - -20?
440
In base 8, what is -4 - 3471?
-3475
In base 11, what is -48 - -a?
-39
In base 5, what is -120 - -1021?
401
In base 14, what is -36 + b?
-29
In base 5, what is -2422 - 0?
-2422
In base 9, what is -18252 + 3?
-18248
In base 3, what is 1220122 - 1?
1220121
In base 3, what is -2 + 220?
211
In base 2, what is -101010 - 1001?
-110011
In base 15, what is b4 - 2?
b2
In base 12, what is 1177 + -2?
1175
In base 6, what is 25 - 24?
1
In base 3, what is -11 + -121210?
-121221
In base 8, what is -2 + -1042?
-1044
In base 16, what is -1 - 57?
-58
In base 2, what is -1111001 + -101?
-1111110
In base 9, what is -555 - -5?
-550
In base 2, what is 1 - -1000001011?
1000001100
In base 4, what is 2 + -1221?
-1213
In base 5, what is -10 + -411?
-421
